et y = 38 + -29. Suppose 4*i = -i - 5, 4*a - i - y = 0. Suppose 4*q = s - 103, -4*q - a = 18. What are the prime factors of s?
83
List the prime factors of (-263367)/(-132)*4 - 4/(-22).
23, 347
Let h(i) = -1282*i + 1817. List the prime factors of h(-16).
3, 827
Suppose 4*z + 360 = 3*k, z + 186 = -z + 3*k. Let m = z - -427. List the prime factors of m.
2, 5, 17
What are the prime factors of -13*2124/(-11) + (-432)/2376?
2, 5, 251
Suppose 4109*l - 4111*l + 2922 = 0. List the prime factors of l.
3, 487
Let a(u) = -215*u**3 - 3*u**2 - 2*u - 1. Suppose -4*t + 6 = -10*t. Let b be a(t). Suppose -3*z + b = 3*s, s - 337 = -4*s + 4*z. List the prime factors of s.
3, 23
Suppose 0 = -4*d - 5*l + 67 + 339, 0 = 3*d + 5*l - 302. Let a = d - -70. What are the prime factors of a?
2, 3, 29
Let u = 111 - -192. Suppose 3*n - u + 69 = 0. Let x = n + 41. What are the prime factors of x?
7, 17
Suppose -2*c + 36 = n - 13, 4*c - 113 = -5*n. Suppose 1 = m - a + 4, 4*a - c = -m. Suppose m*j = -3*u + 94, 3*j + 0*j - 140 = -4*u. List the prime factors of j.
2, 11
Let b(z) = z**3 - 11*z**2 + 14*z + 40. Let x be b(9). Suppose 4*o + x*g - 2312 = 0, 2*g - 1730 = o - 4*o. What are the prime factors of o?
2, 7, 41
Suppose 0 = -3*i + 416 + 124. Suppose -14*z + 6*z + 24 = 0. Suppose -z*r = 2*v - 536, -2*r - v + i = -r. List the prime factors of r.
2, 11
Let k = -2153 + 7584. List the prime factors of k.
5431
Let v(c) = 167*c**2 - 2*c + 2. Let q be v(1). Let u = 242 - q. List the prime factors of u/(7/7)*(1 - 0).
3, 5
Let h be 20*519/15*2. Suppose -3944 = -9*n + h. Suppose z = -5*a + 5*z + n, 0 = 3*a - 4*z - 352. What are the prime factors of a?
2, 3, 5
Let c = -3037 - -64768. List the prime factors of c.
3, 19
Let s(x) = 46*x. Suppose -6 = -g - 3*n, 3*g + 4*n - 6 - 7 = 0. Let c be s(g). Suppose c = 5*h - 3*h. What are the prime factors of h?
3, 23
Suppose -2062*l + 2064*l + 3*h = 124335, 3*l - 186505 = -2*h. List the prime factors of l.
3, 17, 23, 53
Suppose -3*i = 4*u - 129, 5*u = -4*i - 0*i + 160. Let d = u + -34. Suppose 180 = 5*t + 3*n, -254 = -5*t + d*n - 74. List the prime factors of t.
2, 3
Let n be 168/(-18) + 1 + (-4)/6. List the prime factors of (-39)/(n/27 - 2/(-12)).
2, 3, 13
Let r = 2540 + 2098. List the prime factors of r.
2, 3, 773
Let j = -981 - -388. Let c = j + 1215. List the prime factors of c.
2, 311
Let c(t) = -3*t**3 + 111*t**2 - 2*t + 9. What are the prime factors of c(30)?
3, 61, 103
Let h = 28029 - 15948. What are the prime factors of h?
3, 4027
Suppose -2*n + 148457 = -3*x, -86*n + 90*n - 297054 = -14*x. List the prime factors of n.
11, 17, 397
Suppose 5*g - 28*t + 33*t = 447885, 0 = -3*g - t + 268713. List the prime factors of g.
2, 3, 311
Let x(v) = -v**2 - 7*v + 147. Let i be x(-16). What are the prime factors of ((-5)/i)/(3000/(-999) + 3)?
3, 5, 37
Suppose -5*b + 686 = -724. Suppose x + 62 = b. Suppose x = -9*j + 13*j. What are the prime factors of j?
5, 11
List the prime factors of (-177)/(-118)*(-1450)/(-3).
5, 29
Suppose 0 = -3*j - 12, 3*o + 4*j - 2*j = 4078. Let a = 2299 - o. List the prime factors of a.
937
Suppose 14*f = 3*z + 16*f - 19991, 2*z = 3*f + 13297. List the prime factors of z.
6659
Suppose 29958 = 2*h - y, -251*h = -255*h + 4*y + 59928. What are the prime factors of h?
2, 3, 13
Suppose -1405*i = -1398*i + 350. Let x = 167 - 50. Let j = x + i. List the prime factors of j.
67
Let m be 0 + 36/(1 + 3). Let y be -3*(m + -1)/(-2). Suppose -y*j + 19*j = 658. List the prime factors of j.
2, 47
Let j(p) = -21*p - 12*p - 21*p - 49 - p**2. What are the prime factors of j(-20)?
631
Suppose 0 = 14*i + 2*i + 6*i - 92114. What are the prime factors of i?
53, 79
Let h = 14281 - 632. What are the prime factors of h?
13649
Let v = 4926 - 1989. List the prime factors of v.
3, 11, 89
Suppose -4*u = 10*z + 68878 - 242230, 43364 = u - 4*z. What are the prime factors of u?
2, 10837
Let d(j) = 2*j**2 - 24*j + 0*j + 7 + 6*j. Let w be d(14). What are the prime factors of (-1)/(((-12)/w)/4)?
7
Let u(s) = 2*s**3 + 3*s**2 + 4*s - 5. Let c be u(2). Suppose -26*j - 2215 = -c*j. What are the prime factors of j?
443
Suppose 0 = -2*l + 4*l - 888. Suppose -u - 3*u + l = 0. Suppose 162 = 3*q - 3*f, -2*f = 2*q - 5*f - u. What are the prime factors of q?
3, 17
Let k be (-4)/(-6)*3 - 146. Suppose -2*s + 2 = 0, 11*t - 1128 = 7*t + 4*s. Let q = k + t. List the prime factors of q.
139
Suppose -2*m + 0*m + 2*w = -6, 16 = 5*m - 4*w. Suppose -2*b + b = 0, m*b = -g + 324. List the prime factors of g.
2, 3
Suppose -11*k = -439405 + 96898. List the prime factors of k.
3, 97, 107
Let o(y) = -y**2 + 15*y + 5. Let s = 44 - 60. Let x = 30 + s. List the prime factors of o(x).
19
Let r(n) = n**2 - 11*n + 40. Let o be r(4). Suppose 3*q - 628 = -o*h + 8*h, 5*q - 4*h = 1036. List the prime factors of q.
2, 13
Let l(v) = 27*v**2 - 49*v + 1287. What are the prime factors of l(33)?
3, 11, 881
Suppose -19761 + 3185 = -32*p. Let s = 885 - p. What are the prime factors of s?
367
Let a be (-100)/12*(-72)/30. Let r be 12 - 0/(-1 - -2). Let j = a + r. What are the prime factors of j?
2
Suppose -4*z + 2*s + 27478 = 0, -6058 = -4*z + 3*s + 21413. List the prime factors of z.
3, 29, 79
Let x be (3*-2)/(-2) - -1. Suppose -3*y + 15 = 3*k, 9*y - x*y + k = 13. Suppose -72 = -4*v - 0*v + 4*z, 0 = 4*v - y*z - 64. List the prime factors of v.
2, 7
Let b(w) = 12*w + 7. Let o(v) = 2*v + 1. Let g(u) = 6*b(u) - 34*o(u). Let d be g(4). Suppose -d = -2*j + 128. What are the prime factors of j?
2, 19
Suppose -53*q + 52*q + 2396 = -h, 4*h - 12016 = -5*q. What are the prime factors of q?
2, 3, 5
Let s = 45057 - 27138. List the prime factors of s.
3, 11, 181
Let o(w) = -7*w**2 - 18*w + 10. Let m be o(-4). List the prime factors of (-4804)/((-15)/(m/(-8))).
1201
Suppose -m = -w, -21*w + 24*w = 2*m. Suppose m = 5*y - 1699 - 2061. What are the prime factors of y?
2, 47
Suppose 265*y = 145*y + 545160. List the prime factors of y.
7, 11, 59
Let o = -40 - -43. Suppose -2*b = -o*p - 554 + 150, 412 = 2*b - p. What are the prime factors of b?
2, 13
Let u = 3494 + 7376. What are the prime factors of u?
2, 5, 1087
What are the prime factors of (86/3)/((-106)/(-1749))?
11, 43
Let s = -461 - -800. Suppose -2*o = c - 425 + 9, -208 = -o - 4*c. Let x = s - o. List the prime factors of x.
131
Let c = 2 - -9. Let w = c - 6. Suppose -5*b - 2*y = -141, -5*b + 0*y = w*y - 150. What are the prime factors of b?
3
Suppose -24*v = -22*v + 88. Let k = v - -44. Suppose 2*t + 3*j = 237, -603 = -5*t - k*j - 4*j. What are the prime factors of t?
3, 41
Suppose 0 = 5*n + 4*i - 66, 3*n + 3*i - 19 - 23 = 0. Suppose -6 = -n*h + 8*h. What are the prime factors of (-2 + -2 + h)/((-1)/71)?
71
Let i = 3 - -16. Let p = i + -16. Suppose -51 = -y + 5*k, 4*y - 62 - 165 = -p*k. What are the prime factors of y?
2, 7
Let f be ((-153)/(-5))/1 - (-4)/10. Suppose 41 = -5*z - 4*t, -5*z + t - 15 = f. Let y = z - -35. List the prime factors of y.
2, 13
Suppose -7*b + 4*b + 579 = -3*g, 223 = b + 5*g. List the prime factors of -6*(-11)/(b/372).
2, 31
Let s be 498/24 - 1/(-4). Suppose -6*c - 499 = -463. List the prime factors of (3521/s)/1 - 2/c.
2, 3, 7
Let b be 4 - (0 + -64 + -1). Let i = b + -66. Suppose -i*r + 4*r - 48 = 0. What are the prime factors of r?
2, 3
Let b(z) = z**2 - 6*z - 2. Let w be b(3). Let q(v) = v**3 + 10*v**2 - 15*v + 11. Let h be q(w). Suppose -2*d = -3*d + h. What are the prime factors of d?
5, 11
Let s = 37 + -37. Suppose -3*f - j - 1 = -0*j, -5*f - j - 1 = s. Suppose -5*l - c = -9 - 174, 5*l + 3*c - 189 = f. List the prime factors of l.
2, 3
Suppose 27*g = 2*o + 30*g - 47353, -9*o + 2*g + 213104 = 0. List the prime factors of o.
2, 11839
Let p = -107 - -200. Let f = p + -90. Suppose -2336 = -f*o - 5*o. List the prime factors of o.
2, 73
What are the prime factors of 27/2*(-167 - -555)?
2, 3, 97
Suppose -4*g + 60 = -3*b - 0*b, 0 = -5*g - 3*b + 75. List the prime factors of ((-20)/g)/(14/(-3885)).
2, 5, 37
Let p(x) = 15*x**2 - 88*x + 1439. List the prime factors of p(27).
2, 4999
Let n(o) = 228*o - 8407. List the prime factors of n(88).
11657
Let w = 10621 - 6913. List the prime factors of w.
2, 3, 103
Let g = 16466 + -2199. List the prime factors of g.
11, 1297
Suppose -408*m + 316*m = -3066176. What are the prime factors of m?
2, 2083
Let i